{"id":44,"date":"2018-07-20T13:38:44","date_gmt":"2018-07-20T16:38:44","guid":{"rendered":"http:\/\/seguranca.sorocaba.sp.gov.br\/gcm\/?page_id=44"},"modified":"2025-04-08T15:59:57","modified_gmt":"2025-04-08T18:59:57","slug":"canil","status":"publish","type":"page","link":"https:\/\/seguranca.sorocaba.sp.gov.br\/gcm\/canil\/","title":{"rendered":"Canil da GCM"},"content":{"rendered":"<p class=\"western\"><span style=\"font-family: 'Linux Libertine G'\"><b>CANIL DA GUARDA CIVIL DE SOROCABA<\/b><\/span><\/p>\n<p>No bairro Wanel Ville, em Sorocaba, a Guarda Civil possui um completo canil situado na avenida Elias Maluf, altura do n\u00famero 1.690. Suas instala\u00e7\u00f5es incluem baias para os c\u00e3es e um campo de treinamento dedicado, al\u00e9m de estruturas de apoio como audit\u00f3rio, refeit\u00f3rio, academia, recep\u00e7\u00e3o, almoxarifado, vesti\u00e1rios, banheiros, copa e cozinha. Para o trabalho administrativo e operacional, o canil oferece salas de administra\u00e7\u00e3o, inspetoria, chefia, veterin\u00e1ria, r\u00e1dio, repouso e espera, bem como estacionamentos para p\u00fablico, viaturas e funcion\u00e1rios.<\/p>\n<p>O Canil conta com um efetivo de 5 GCMs Cinot\u00e9cnicos e 6 c\u00e3es das seguintes ra\u00e7as:<\/p>\n<ul>\n<li>Pastor Alem\u00e3o,<\/li>\n<li>Pastor Belga Malinois e<\/li>\n<li>Golden Retriever.<\/li>\n<\/ul>\n<p>Os c\u00e3es s\u00e3o\u00a0treinados para as seguintes modalidades:<\/p>\n<p>C\u00e3o terapeuta,<\/p>\n<p>Faro de Entorpecentes,<\/p>\n<p>Guarda e Prote\u00e7\u00e3o, (Patrulhamento Preventivo e Comunit\u00e1rio)<\/p>\n<p>Pra\u00e7as desportivos, (Varzeano, Cruzeir\u00e3o, etc),<\/p>\n<p>CDC Controle de dist\u00farbio Civil,<\/p>\n<p>O Canil da Guarda Civil \u00e9 um dos grupos desta corpora\u00e7\u00e3o que visa atuar em opera\u00e7\u00f5es especiais, apoiando outras corpora\u00e7\u00f5es, e todas as Secret\u00e1rias do nosso Munic\u00edpio, e pode ser solicitado via 153 para a situa\u00e7\u00e3o de locais, com incid\u00eancias de tr\u00e1fico de entorpecentes para utiliza\u00e7\u00e3o do c\u00e3o Farejador, para Patrulhamentos Preventivos e Comunit\u00e1rio pelas vias p\u00fablicas e pelas centenas de pr\u00f3prios municipais, bem como escolas, posto de sa\u00fade, pra\u00e7as, parques, etc.<\/p>\n<p>O c\u00e3o \u00e9 um elo de aproxima\u00e7\u00e3o a mais com a comunidade, que facilita a comunica\u00e7\u00e3o e confian\u00e7a ainda mais com a Guarda Civil de Sorocaba, onde atrav\u00e9s do patrulhamento Preventivo e Comunit\u00e1rio, com o C\u00c3O, o qual oferece um poder a mais de intimida\u00e7\u00e3o para pessoas mal intencionadas sendo ele considerado o c\u00e3o, uma arma n\u00e3o letal, e \u00e9 extremamente eficiente, visando sempre a seguran\u00e7a dos mun\u00edcipes. Nesse mesmo tempo, tamb\u00e9m \u00e9 realizado o que chamamos de Patrulhamento Terap\u00eautico pois, como exemplo em patrulhamento com o c\u00e3o pelas vias da \u00e1rea central, ou um parque, etc, as pessoas se aproximam para fazer contato com o c\u00e3o e nesse exato momento, atrav\u00e9s do c\u00e3o, estar\u00e1 sendo promovendo uma sensa\u00e7\u00e3o de BEM \u2013 ESTAR para aquela pessoa, e tamb\u00e9m pela presen\u00e7a da viatura e dos Guardas Civis ali presente estar\u00e3o promovendo uma sensa\u00e7\u00e3o de Seguran\u00e7a aos arredores.<\/p>\n<p>&#8220;INTERGIR COM C\u00c3ES \u00c9 TERAPIA PURA&#8221;<\/p>\n<p>&nbsp;<\/p>\n","protected":false},"excerpt":{"rendered":"<p>CANIL DA GUARDA CIVIL DE SOROCABA No bairro Wanel Ville, em Sorocaba, a Guarda Civil possui um completo canil situado na avenida Elias Maluf, altura do n\u00famero 1.690. Suas instala\u00e7\u00f5es incluem baias para os c\u00e3es e um campo de treinamento dedicado, al\u00e9m de estruturas de apoio como audit\u00f3rio, refeit\u00f3rio, academia, recep\u00e7\u00e3o, almoxarifado, vesti\u00e1rios, banheiros, copa&nbsp; <a href=\"https:\/\/seguranca.sorocaba.sp.gov.br\/gcm\/canil\/\">&hellip; Leia mais<\/a><\/p>\n","protected":false},"author":16,"featured_media":0,"parent":0,"menu_order":0,"comment_status":"closed","ping_status":"closed","template":"page-subsite-menu.php","meta":{"footnotes":""},"class_list":["post-44","page","type-page","status-publish","hentry"],"_links":{"self":[{"href":"https:\/\/seguranca.sorocaba.sp.gov.br\/gcm\/wp-json\/wp\/v2\/pages\/44","targetHints":{"allow":["GET"]}}],"collection":[{"href":"https:\/\/seguranca.sorocaba.sp.gov.br\/gcm\/wp-json\/wp\/v2\/pages"}],"about":[{"href":"https:\/\/seguranca.sorocaba.sp.gov.br\/gcm\/wp-json\/wp\/v2\/types\/page"}],"author":[{"embeddable":true,"href":"https:\/\/seguranca.sorocaba.sp.gov.br\/gcm\/wp-json\/wp\/v2\/users\/16"}],"replies":[{"embeddable":true,"href":"https:\/\/seguranca.sorocaba.sp.gov.br\/gcm\/wp-json\/wp\/v2\/comments?post=44"}],"version-history":[{"count":6,"href":"https:\/\/seguranca.sorocaba.sp.gov.br\/gcm\/wp-json\/wp\/v2\/pages\/44\/revisions"}],"predecessor-version":[{"id":219,"href":"https:\/\/seguranca.sorocaba.sp.gov.br\/gcm\/wp-json\/wp\/v2\/pages\/44\/revisions\/219"}],"wp:attachment":[{"href":"https:\/\/seguranca.sorocaba.sp.gov.br\/gcm\/wp-json\/wp\/v2\/media?parent=44"}],"curies":[{"name":"wp","href":"https:\/\/api.w.org\/{rel}","templated":true}]}}