{"id":26,"date":"2018-07-20T13:36:25","date_gmt":"2018-07-20T16:36:25","guid":{"rendered":"http:\/\/seguranca.sorocaba.sp.gov.br\/gcm\/?page_id=26"},"modified":"2024-04-04T15:27:06","modified_gmt":"2024-04-04T18:27:06","slug":"efae","status":"publish","type":"page","link":"https:\/\/seguranca.sorocaba.sp.gov.br\/gcm\/efae\/","title":{"rendered":"EFAE"},"content":{"rendered":"<h2 class=\"western\"><span style=\"font-family: 'Linux Libertine G';\"><b>Escola de Forma\u00e7\u00e3o, Aperfei\u00e7oamento e Especializa\u00e7\u00e3o \u2013 EFAE<\/b><\/span><\/h2>\n<p><span style=\"font-family: 'Linux Libertine G';\">A Guarda Civil de Sorocaba, na forma\u00e7\u00e3o de seus guardas e conforme determina, seguem a matriz curricular da SENASP, Secretaria Nacional de Seguran\u00e7a P\u00fablica, por meio de sua escola de forma\u00e7\u00e3o (EFAE). Atualmente al\u00e9m dos Guardas Civis de Sorocaba a EFAE, forma e especializa outras Guardas Civis Municipais da Regi\u00e3o Metropolitana de Sorocaba.<\/span><\/p>\n<p><img loading=\"lazy\" decoding=\"async\" class=\"alignnone size-medium wp-image-87\" src=\"http:\/\/seguranca.sorocaba.sp.gov.br\/gcm\/wp-content\/uploads\/sites\/2\/2018\/07\/efae-400x300.jpg\" alt=\"efae\" width=\"400\" height=\"300\" srcset=\"https:\/\/seguranca.sorocaba.sp.gov.br\/gcm\/wp-content\/uploads\/sites\/2\/2018\/07\/efae-400x300.jpg 400w, https:\/\/seguranca.sorocaba.sp.gov.br\/gcm\/wp-content\/uploads\/sites\/2\/2018\/07\/efae-768x576.jpg 768w, https:\/\/seguranca.sorocaba.sp.gov.br\/gcm\/wp-content\/uploads\/sites\/2\/2018\/07\/efae-970x728.jpg 970w, https:\/\/seguranca.sorocaba.sp.gov.br\/gcm\/wp-content\/uploads\/sites\/2\/2018\/07\/efae.jpg 1024w\" sizes=\"auto, (max-width: 400px) 100vw, 400px\" \/><\/p>\n","protected":false},"excerpt":{"rendered":"<p>Escola de Forma\u00e7\u00e3o, Aperfei\u00e7oamento e Especializa\u00e7\u00e3o \u2013 EFAE A Guarda Civil de Sorocaba, na forma\u00e7\u00e3o de seus guardas e conforme determina, seguem a matriz curricular da SENASP, Secretaria Nacional de Seguran\u00e7a P\u00fablica, por meio de sua escola de forma\u00e7\u00e3o (EFAE). Atualmente al\u00e9m dos Guardas Civis de Sorocaba a EFAE, forma e especializa outras Guardas Civis&nbsp; <a href=\"https:\/\/seguranca.sorocaba.sp.gov.br\/gcm\/efae\/\">&hellip; Leia mais<\/a><\/p>\n","protected":false},"author":16,"featured_media":0,"parent":0,"menu_order":0,"comment_status":"closed","ping_status":"closed","template":"page-subsite-menu.php","meta":{"footnotes":""},"class_list":["post-26","page","type-page","status-publish","hentry"],"_links":{"self":[{"href":"https:\/\/seguranca.sorocaba.sp.gov.br\/gcm\/wp-json\/wp\/v2\/pages\/26","targetHints":{"allow":["GET"]}}],"collection":[{"href":"https:\/\/seguranca.sorocaba.sp.gov.br\/gcm\/wp-json\/wp\/v2\/pages"}],"about":[{"href":"https:\/\/seguranca.sorocaba.sp.gov.br\/gcm\/wp-json\/wp\/v2\/types\/page"}],"author":[{"embeddable":true,"href":"https:\/\/seguranca.sorocaba.sp.gov.br\/gcm\/wp-json\/wp\/v2\/users\/16"}],"replies":[{"embeddable":true,"href":"https:\/\/seguranca.sorocaba.sp.gov.br\/gcm\/wp-json\/wp\/v2\/comments?post=26"}],"version-history":[{"count":2,"href":"https:\/\/seguranca.sorocaba.sp.gov.br\/gcm\/wp-json\/wp\/v2\/pages\/26\/revisions"}],"predecessor-version":[{"id":88,"href":"https:\/\/seguranca.sorocaba.sp.gov.br\/gcm\/wp-json\/wp\/v2\/pages\/26\/revisions\/88"}],"wp:attachment":[{"href":"https:\/\/seguranca.sorocaba.sp.gov.br\/gcm\/wp-json\/wp\/v2\/media?parent=26"}],"curies":[{"name":"wp","href":"https:\/\/api.w.org\/{rel}","templated":true}]}}