{"id":105,"date":"2018-07-23T12:10:41","date_gmt":"2018-07-23T15:10:41","guid":{"rendered":"http:\/\/seguranca.sorocaba.sp.gov.br\/gcm\/?page_id=105"},"modified":"2024-04-04T15:27:06","modified_gmt":"2024-04-04T18:27:06","slug":"gfc-grupo-de-formacao-cidada","status":"publish","type":"page","link":"https:\/\/seguranca.sorocaba.sp.gov.br\/gcm\/gfc-grupo-de-formacao-cidada\/","title":{"rendered":"GFC &#8211; Grupo de Forma\u00e7\u00e3o Cidad\u00e3"},"content":{"rendered":"<p class=\"western\"><span style=\"font-family: 'Linux Libertine G';\">O Grupo de Forma\u00e7\u00e3o Cidad\u00e3 pratica a\u00e7\u00f5es sociais, voltadas para todas as idades, conscientizando para os perigos dos caminhos da viol\u00eancia, v\u00edcio e do crime. Contribui para a forma\u00e7\u00e3o de cidad\u00e3os mais respons\u00e1veis e cooperam com a inclus\u00e3o social, com palestras, teatros e diversas brincadeiras.<\/span><\/p>\n<p class=\"western\"><img loading=\"lazy\" decoding=\"async\" class=\"alignnone size-medium wp-image-106\" src=\"http:\/\/seguranca.sorocaba.sp.gov.br\/gcm\/wp-content\/uploads\/sites\/2\/2018\/07\/2014-12-03-guarda-municipal-no-centro-ft-emerson-ferraz-079-449x300.jpg\" alt=\"2014-12-03-guarda-municipal-no-centro-ft-emerson-ferraz-079\" width=\"449\" height=\"300\" srcset=\"https:\/\/seguranca.sorocaba.sp.gov.br\/gcm\/wp-content\/uploads\/sites\/2\/2018\/07\/2014-12-03-guarda-municipal-no-centro-ft-emerson-ferraz-079-449x300.jpg 449w, https:\/\/seguranca.sorocaba.sp.gov.br\/gcm\/wp-content\/uploads\/sites\/2\/2018\/07\/2014-12-03-guarda-municipal-no-centro-ft-emerson-ferraz-079-768x513.jpg 768w, https:\/\/seguranca.sorocaba.sp.gov.br\/gcm\/wp-content\/uploads\/sites\/2\/2018\/07\/2014-12-03-guarda-municipal-no-centro-ft-emerson-ferraz-079-970x648.jpg 970w\" sizes=\"auto, (max-width: 449px) 100vw, 449px\" \/><\/p>\n","protected":false},"excerpt":{"rendered":"<p>O Grupo de Forma\u00e7\u00e3o Cidad\u00e3 pratica a\u00e7\u00f5es sociais, voltadas para todas as idades, conscientizando para os perigos dos caminhos da viol\u00eancia, v\u00edcio e do crime. Contribui para a forma\u00e7\u00e3o de cidad\u00e3os mais respons\u00e1veis e cooperam com a inclus\u00e3o social, com palestras, teatros e diversas brincadeiras.<\/p>\n","protected":false},"author":16,"featured_media":0,"parent":0,"menu_order":0,"comment_status":"closed","ping_status":"closed","template":"page-subsite-menu.php","meta":{"footnotes":""},"class_list":["post-105","page","type-page","status-publish","hentry"],"_links":{"self":[{"href":"https:\/\/seguranca.sorocaba.sp.gov.br\/gcm\/wp-json\/wp\/v2\/pages\/105","targetHints":{"allow":["GET"]}}],"collection":[{"href":"https:\/\/seguranca.sorocaba.sp.gov.br\/gcm\/wp-json\/wp\/v2\/pages"}],"about":[{"href":"https:\/\/seguranca.sorocaba.sp.gov.br\/gcm\/wp-json\/wp\/v2\/types\/page"}],"author":[{"embeddable":true,"href":"https:\/\/seguranca.sorocaba.sp.gov.br\/gcm\/wp-json\/wp\/v2\/users\/16"}],"replies":[{"embeddable":true,"href":"https:\/\/seguranca.sorocaba.sp.gov.br\/gcm\/wp-json\/wp\/v2\/comments?post=105"}],"version-history":[{"count":1,"href":"https:\/\/seguranca.sorocaba.sp.gov.br\/gcm\/wp-json\/wp\/v2\/pages\/105\/revisions"}],"predecessor-version":[{"id":108,"href":"https:\/\/seguranca.sorocaba.sp.gov.br\/gcm\/wp-json\/wp\/v2\/pages\/105\/revisions\/108"}],"wp:attachment":[{"href":"https:\/\/seguranca.sorocaba.sp.gov.br\/gcm\/wp-json\/wp\/v2\/media?parent=105"}],"curies":[{"name":"wp","href":"https:\/\/api.w.org\/{rel}","templated":true}]}}

GFC &#8211; Grupo de Formação Cidadã

<p class="western"><span style="font-family: 'Linux Libertine G';">O Grupo de Formação Cidadã pratica ações sociais, voltadas para todas as idades, conscientizando para os perigos dos caminhos da violência, vício e do crime. Contribui para a formação de cidadãos mais responsáveis e cooperam com a inclusão social, com palestras, teatros e diversas brincadeiras.</span></p>
<p class="western"><img loading="lazy" decoding="async" class="alignnone size-medium wp-image-106" src="http://seguranca.sorocaba.sp.gov.br/gcm/wp-content/uploads/sites/2/2018/07/2014-12-03-guarda-municipal-no-centro-ft-emerson-ferraz-079-449x300.jpg" alt="2014-12-03-guarda-municipal-no-centro-ft-emerson-ferraz-079" width="449" height="300" srcset="https://seguranca.sorocaba.sp.gov.br/gcm/wp-content/uploads/sites/2/2018/07/2014-12-03-guarda-municipal-no-centro-ft-emerson-ferraz-079-449x300.jpg 449w, https://seguranca.sorocaba.sp.gov.br/gcm/wp-content/uploads/sites/2/2018/07/2014-12-03-guarda-municipal-no-centro-ft-emerson-ferraz-079-768x513.jpg 768w, https://seguranca.sorocaba.sp.gov.br/gcm/wp-content/uploads/sites/2/2018/07/2014-12-03-guarda-municipal-no-centro-ft-emerson-ferraz-079-970x648.jpg 970w" sizes="auto, (max-width: 449px) 100vw, 449px" /></p>

<p>O Grupo de Formação Cidadã pratica ações sociais, voltadas para todas as idades, conscientizando para os perigos dos caminhos da violência, vício e do crime. Contribui para a formação de cidadãos mais responsáveis e cooperam com a inclusão social, com palestras, teatros e diversas brincadeiras.</p>
